ighest common factor of 12 and 57692?
4
Calculate the greatest common divisor of 9680 and 22.
22
Calculate the greatest common divisor of 1923 and 237.
3
Calculate the greatest common factor of 13741 and 57694.
91
Calculate the greatest common divisor of 3600 and 11800.
200
Calculate the greatest common factor of 4686 and 5538.
426
What is the highest common divisor of 212 and 109286?
106
Calculate the highest common factor of 257856 and 88.
8
What is the highest common factor of 5698 and 592?
74
What is the highest common divisor of 76390 and 380?
10
Calculate the highest common divisor of 25 and 12609425.
25
What is the highest common divisor of 958097 and 49?
49
Calculate the greatest common divisor of 80166 and 1302.
186
What is the highest common divisor of 97903 and 6188?
221
What is the highest common factor of 2142 and 738?
18
What is the highest common factor of 375 and 498?
3
Calculate the greatest common factor of 5768 and 266.
14
What is the greatest common factor of 8476 and 496172?
652
What is the highest common divisor of 564 and 92919?
141
Calculate the greatest common factor of 34 and 1770856.
34
Calculate the highest common divisor of 117 and 13.
13
What is the greatest common divisor of 13045 and 25?
5
Calculate the greatest common factor of 124803 and 441.
441
Calculate the highest common divisor of 1065 and 192055.
355
Calculate the greatest common factor of 128 and 23932.
4
Calculate the greatest common factor of 52 and 43823.
13
Calculate the highest common divisor of 1697569 and 34.
17
What is the greatest common divisor of 94 and 73273?
47
What is the highest common divisor of 41191 and 51?
17
Calculate the highest common factor of 187 and 425.
17
Calculate the highest common divisor of 28 and 1618862.
14
What is the greatest common factor of 58 and 394574?
58
What is the highest common divisor of 171 and 4588614?
171
Calculate the highest common divisor of 128 and 1676416.
128
Calculate the highest common factor of 63 and 560406.
21
Calculate the greatest common divisor of 18984 and 2016.
168
Calculate the greatest common divisor of 19811 and 220.
11
What is the highest common divisor of 324 and 3112668?
324
Calculate the highest common factor of 54453 and 217.
7
Calculate the highest common factor of 572832 and 84.
12
What is the greatest common factor of 106644 and 36?
12
Calculate the greatest common divisor of 816 and 48.
48
What is the greatest common factor of 48 and 31728?
48
Calculate the greatest common divisor of 24991 and 7460.
373
What is the greatest common divisor of 1727 and 11618?
157
Calculate the highest common divisor of 696727 and 1028.
257
What is the greatest common divisor of 9322 and 4012?
118
What is the greatest common divisor of 1760 and 32800?
160
Calculate the highest common factor of 41989 and 398.
199
Calculate the highest common divisor of 7952 and 256.
16
Calculate the highest common divisor of 159 and 1006311.
159
Calculate the highest common factor of 9700 and 4105.
5
What is the highest common factor of 180 and 374010?
30
What is the highest common factor of 158 and 21005626?
158
Calculate the highest common divisor of 2144 and 81248.
32
Calculate the highest common factor of 15984 and 378.
54
What is the greatest common factor of 46 and 163783?
23
Calculate the highest common divisor of 446872 and 83.
83
Calculate the highest common factor of 65160 and 12.
12
What is the greatest common factor of 1892 and 4004?
44
What is the highest common divisor of 1054 and 70091?
527
What is the highest common divisor of 603533 and 833?
49
What is the highest common divisor of 91595 and 4375?
35
What is the greatest common divisor of 13167890 and 215?
215
Calculate the greatest common divisor of 658576 and 80.
16
Calculate the highest common divisor of 738 and 774.
18
What is the highest common factor of 879168 and 1344?
192
Calculate the highest common factor of 385398 and 104.
26
What is the highest common factor of 666 and 31672?
74
Calculate the highest common factor of 155 and 37355.
155
Calculate the highest common divisor of 8060 and 372.
124
What is the greatest common divisor of 364947 and 198?
33
Calculate the greatest common factor of 220995 and 270.
135
Calculate the greatest common divisor of 8990 and 2480.
310
Calculate the highest common divisor of 287 and 156415.
287
Calculate the highest common factor of 3745 and 5885.
535
What is the highest common factor of 44 and 276028?
4
Calculate the highest common factor of 285 and 960.
15
Calculate the greatest common factor of 37646 and 378.
14
What is the greatest common factor of 695 and 55?
5
What is the greatest common factor of 6497 and 7957?
73
Calculate the highest common divisor of 109845 and 60.
15
Calculate the highest common factor of 3848 and 1184.
296
Calculate the highest common factor of 1146 and 4284.
6
What is the highest common factor of 1128 and 264?
24
What is the greatest common factor of 48326 and 146?
146
Calculate the greatest common divisor of 8 and 26120.
8
Calculate the greatest common divisor of 19380 and 34476.
204
What is the greatest common factor of 52083 and 648?
81
What is the highest common divisor of 1085 and 23405?
155
What is the highest common divisor of 51766 and 208?
26
Calculate the greatest common divisor of 146324 and 42076.
628
Calculate the highest common divisor of 591 and 4886979.
591
Calculate the greatest common factor of 391 and 56542.
17
What is the highest common factor of 92068 and 4?
4
Calculate the greatest common factor of 960 and 15945.
15
What is the greatest common factor of 846 and 6624?
18
Calculate the highest common factor of 505 and 11580.
5
Calculate the highest common divisor of 3906 and 23814.
126
What is the greatest common divisor of 8967 and 46599?
147
Calculate the greatest common divisor of 946 and 4509109.
473
What is the highest common factor of 1607229 and 351?
351
Calculate the highest common factor of 4 and 1367652.
4
Calculate the greatest common divisor of 64 and 1104608.
32
What is the greatest common factor of 27 and 1105029?
27
Calculate the highest common divisor of 7353984 and 33.
33
Calculate the greatest common factor of 50662 and 17350.
694
Calculate the greatest common divisor of 33616 and 704.
176
Calculate the greatest common factor of 483 and 366321.
69
Calculate the highest common divisor of 884873 and 1133.
1133
Calculate the highest common divisor of 636213 and 93.
93
What is the highest common factor of 918 and 6984?
18
What is the greatest common factor of 279440 and 1200?
80
Calculate the highest common divisor of 61953 and 386.
193
Calculate the greatest common divisor of 2485 and 13632.
71
Calculate the highest common divisor of 1560 and 680.
40
Calculate the greatest common divisor of 27891 and 27.
27
What is the highest common factor of 47 and 2001448?
47
Calculate the highest common factor of 308 and 86086.
154
Calculate the greatest common factor of 332 and 25730.
166
Calculate the greatest common factor of 44 and 17953100.
44
Calculate the highest common divisor of 11 and 925991.
11
Calculate the greatest common factor of 235 and 20220.
5
Calculate the highest common factor of 128460 and 420.
60
What is the highest common factor of 3072 and 1568?
32
Calculate the highest common factor of 3322 and 1782.
22
Calculate the greatest common factor of 5496 and 588.
12
What is the greatest common factor of 11 and 2816?
11
What is the greatest common divisor of 291 and 27839?
97
Calculate the greatest common divisor of 12583323 and 621.
621
What is the highest common factor of 1043 and 92883?
7
Calculate the greatest common divisor of 147 and 579719.
49
Calculate the greatest common factor of 38 and 9329.
19
Calculate the greatest common factor of 16184 and 23800.
952
What is the highest common divisor of 27 and 61083?
9
What is the greatest common factor of 288 and 6219?
9
Calculate the greatest common divisor of 2544 and 2067.
159
What is the highest common divisor of 85974 and 1518?
138
What is the highest common factor of 960 and 1728?
192
Calculate the highest common factor of 2 and 3624542.
2
What is the highest common divisor of 2967 and 1380?
69
Calculate the greatest common divisor of 5388 and 3072.
12
Calculate the greatest co